553 prime?
True
Is 392265659 prime?
False
Is 666299989 a prime number?
False
Is 41857073327 prime?
True
Is 76395630571 a composite number?
True
Is 43877375461 a composite number?
True
Is 63707167507 a prime number?
True
Is 334383113 composite?
True
Is 92599649 a prime number?
True
Is 239706029545 prime?
False
Is 14325250382 a prime number?
False
Is 28331513 prime?
False
Is 962863061 a composite number?
False
Is 10949831479 prime?
True
Is 10563594803 a prime number?
True
Is 20129710091 a composite number?
False
Is 1384653203 composite?
False
Is 28016854143 a prime number?
False
Is 125638631 a prime number?
True
Is 2213110681 a composite number?
True
Is 130807504617 a prime number?
False
Is 20058690191 prime?
True
Is 863828737 composite?
True
Is 3510716351 a composite number?
False
Is 2739588569 prime?
False
Is 486221871 composite?
True
Is 190333711 a prime number?
True
Is 19211742967 prime?
False
Is 24447964237 composite?
False
Is 859146859 a composite number?
False
Is 690003007 prime?
True
Is 2172149643 prime?
False
Is 1153233101 composite?
True
Is 1140262741 composite?
False
Is 738614251 a composite number?
False
Is 7670714363 prime?
False
Is 22530004033 prime?
True
Is 1720068641 a prime number?
False
Is 18620367097 composite?
False
Is 1854010057 composite?
False
Is 115793809 a composite number?
True
Is 4437431 a composite number?
True
Is 82654707341 a composite number?
True
Is 7386754139 a composite number?
False
Is 38546094011 a composite number?
False
Is 20551421819 a prime number?
False
Is 1704261409 a composite number?
False
Is 3999887137 prime?
False
Is 100833583 a prime number?
True
Is 337384738023 a composite number?
True
Is 3613425181 composite?
False
Is 11461574633 a composite number?
True
Is 4591246823 a prime number?
True
Is 1757349497 a composite number?
False
Is 23904656893 a prime number?
False
Is 8097154697 composite?
False
Is 3824311739 composite?
False
Is 221253817 a prime number?
True
Is 308441123 a composite number?
False
Is 7316511329 composite?
True
Is 891553097 composite?
False
Is 3250243291 a composite number?
False
Is 468812191 a composite number?
False
Is 84073594471 a composite number?
False
Is 27730431269 a prime number?
True
Is 151252091 prime?
True
Is 2275140089 composite?
True
Is 5166582571 prime?
False
Is 6693482759 a prime number?
True
Is 30816874409 prime?
True
Is 6785202351 a prime number?
False
Is 2719538797 composite?
False
Is 681730433 prime?
False
Is 3978271283 a prime number?
False
Is 8506669481 a prime number?
True
Is 14791758883 prime?
False
Is 391928483 a prime number?
True
Is 299760991 a composite number?
True
Is 98609433077 composite?
True
Is 197857789 prime?
True
Is 101865833 prime?
False
Is 6794760727 a composite number?
True
Is 204872011 composite?
True
Is 1074105059 composite?
False
Is 23450613623 prime?
True
Is 3441009629 a composite number?
False
Is 112291019 composite?
True
Is 8187775559 a composite number?
False
Is 92134061563 a composite number?
False
Is 3457837223 a prime number?
False
Is 43926131 a prime number?
True
Is 446370323 composite?
True
Is 39469312471 prime?
False
Is 33417907801 composite?
True
Is 827586113 a prime number?
True
Is 13503710651 a composite number?
True
Is 7420567811 composite?
False
Is 6823209823 composite?
True
Is 9083368433 a prime number?
False
Is 256771422753 a prime number?
False
Is 3755625959 prime?
True
Is 240627841 prime?
False
Is 753786119 a prime number?
False
Is 16940026877 prime?
False
Is 2102976377 a composite number?
False
Is 47558330753 prime?
False
Is 437092993 a composite number?
True
Is 13499024659 prime?
False
Is 20071721801 composite?
False
Is 3258146989 prime?
False
Is 1265908057 prime?
True
Is 520575589 composite?
False
Is 246203846411 a prime number?
True
Is 7983522754 a composite number?
True
Is 5207318117 prime?
True
Is 9543499193 composite?
True
Is 117465538969 prime?
True
Is 1663082011 a prime number?
True
Is 58983742331 composite?
False
Is 119933239 a composite number?
True
Is 61394521103 composite?
False
Is 488234213 composite?
True
Is 2010315061 a composite number?
True
Is 5588163127 composite?
False
Is 413572249 prime?
True
Is 69023664019 a prime number?
False
Is 16261648643 prime?
False
Is 267932705 a composite number?
True
Is 15522248207 composite?
True
Is 174970811641 a composite number?
False
Is 20251840109 composite?
False
Is 18737342867 a composite number?
False
Is 8941492591 prime?
True
Is 327795633943 composite?
True
Is 33625926793 prime?
False
Is 807015673 a composite number?
True
Is 363521831 a prime number?
False
Is 25025981011 a prime number?
False
Is 149602720307 composite?
False
Is 1215831781 composite?
True
Is 5115648701 a prime number?
True
Is 7265474563 a prime number?
False
Is 3456525503 a prime number?
True
Is 27491419129 prime?
True
Is 12596650223 a prime number?
False
Is 2152475449 prime?
True
Is 1018543 a prime number?
True
Is 63652894121 a prime number?
True
Is 2139470339 a prime number?
False
Is 37127341439 composite?
False
Is 139013939 composite?
True
Is 280115711 a composite number?
False
Is 6148150727 composite?
False
Is 478394971 prime?
True
Is 284277299 composite?
False
Is 5015596427 a prime number?
True
Is 4261288813 prime?
True
Is 246698669537 prime?
True
Is 2315796979 composite?
False
Is 494289347 composite?
True
Is 86742781 prime?
True
Is 5640815677 a prime number?
False
Is 1806180547 prime?
False
Is 546862823 prime?
False
Is 10598569979 a prime number?
False
Is 708896057 a composite number?
True
Is 59719063 prime?
False
Is 30592684051 composite?
False
Is 9667828537 composite?
True
Is 9297663905 a prime number?
False
Is 1403157187 a prime number?
False
Is 2955313147 a composite number?
False
Is 65225109083 a composite number?
False
Is 633729529 a composite number?
True
Is 1685473133 a prime number?
True
Is 1047442873 composite?
True
Is 129142309 composite?
True
Is 1091875463 a composite number?
True
Is 59605837613 a composite number?
True
Is 480270971 composite?
True
Is 9844813259 a prime number?
True
Is 7023308581 prime?
True
Is 2243016613 a composite number?
False
Is 30888185567 composite?
False
Is 59644002193 a prime number?
True
Is 6763453247 a composite number?
True
Is 46916117 composite?
False
Is 419247067 composite?
False
Is 15100575169 prime?
True
Is 35895319 composite?
False
Is 1040277353 composite?
True
Is 92311973 composite?
True
Is 2515579579 a composite number?
False
Is 1892004767 a prime number?
True
Is 28074857 a composite number?
False
Is 30934768153 prime?
True
Is 4613793803 a composite number?
False
Is 3445336837 a composite number?
False
Is 22573579367 a prime number?
True
Is 8492424319 a prime number?
False
Is 15452289371 a prime number?
True
Is 23954312201 prime?
True
Is 592370689 a prime number?
False
Is 15890828021 a prime number?
True
Is 2428561853 a composite number?
False
Is 196514989 a prime number?
False
Is 1303185887 prime?
True
Is 154452971911 a composite number?
True
Is 4875913631 a prime number?
True
Is 14265767713 a prime number?
True
Is 313202179 a composite number?
False
Is 444849053 prime?
False
Is 50911528949 a prime number?
True
Is 94119121 a composite number?
True
Is 33721927103 a composite number?
True
Is 994964329 composite?
False
Is 7871274461 composite?
True
Is 6508020781 a prime number?
False
Is 9238560481 prime?
False
Is 4261296553 prime?
True
Is 5381681251 composite?
True
Is 89524316521 prime?
True
Is 958459429 a composite number?
False
Is 2036977753 composite?
True
Is 906542789 a prime number?
False
Is 8046188429 a composite number?
False
Is 95849461 a prime number?
True
Is 18673612081 a composite number?
False
Is 171477965 composite?
True
Is 995605031 a composite number?
False
Is 1798063823 prime?
False
Is 30102091091 prime?
True
Is 47988771689 a composite number?
True
Is 11304570397 composite?
False
Is 25890213 a composite number?
True
Is 51635505613 a prime number?
False
Is 3286602701 prime?
True
Is 4294752463 a prime number?
True
Is 30652573271 prime?
False
Is 4920320477 a composite number?
True
Is 146158651 a prime number?
False
Is 2848768573 composite?
True
Is 828274439 a composite number?
True
Is 39901928749 prime?
True
Is 10182751361 a composite number?
False
Is 13618131981 prime?
False
Is 10726009753 a composite number?
False
Is 1196398147 p